 (45 - 13))?
27
-108 + 97 - (-7 - 34)
30
Calculate 18 + (-55 - -23) + -33.
-47
Evaluate 16 + (-17 - -17) - (7 - -21) - -11.
-1
(-3 - 7) + (159 - 129) - 38
-18
-183 - (70 + -133) - (0 + 11)
-131
Calculate (-3 - -6) + (-232 - -243) + 1 + 3.
18
What is (-19 - -31) + (12 - 1 - 5)?
18
Calculate (7 - -67) + -469 + 458.
63
-57 - (-3 - (2 + 0) - (1189 + -1179))
-42
What is -140 + 107 + (1 - (3 + 12)) + 9?
-38
Calculate -34 - (0 + -6 + (16 - (23 + -21))).
-42
What is the value of 4 + (6 - 23) + -35 + (18 - -30) - -51?
51
What is 14 - -3 - ((10 - (4 + -1)) + (-1 - -3))?
8
What is (11 - (-6 + 7) - (-39 + 31)) + -7?
11
What is the value of (23 - 36 - -10 - (-28 + 1)) + 23?
47
Evaluate 86 + -15 + (6 - (6 + (6 - 13)) - 1).
77
Evaluate 149 + 1 - (-14131 - -14163).
118
(-12 - -28 - 4 - 2 - 10) + -5
-5
What is -42 + -74 + 14 + (1 - 4 - -12)?
-93
Calculate (16 - (10 + 15) - -96) + -13.
74
What is 2 - ((55 + 2 - -18) + (-5 - (-3 - -7)))?
-64
Calculate -34 + 94 + -42 + 26 - 28.
16
-180 - -196 - (1 + 11) - 5 - -74
73
Evaluate (-3 - ((-17 - -5) + -1)) + -10 + 3 + 1.
4
-24 + 12 + (-19 - -39) - (0 - 3) - -11
22
What is the value of (-33054 - -33170) + (1 - 1 - 22)?
94
Calculate 3 + -7 + (-6 - -1) + 10.
1
What is the value of (8 - (-32 + -79)) + -79?
40
-78 - (77 + -25 + -73)
-57
What is (5 + -38 - -65) + -92 - -12?
-48
What is 6 + (-12 + 19 - 19) + 16 - 33?
-23
What is the value of 7 - 74 - (-1089 + 1074)?
-52
5 + 12 + 43 + 24 + -13
71
Calculate -18 + -32 + 24 + (0 - (0 + -8)).
-18
What is -10 + (2 + (-12 + 7 - 6) - -19)?
0
-18 + 2 - ((37 - -6) + -187)
128
What is (3 - 16 - (4 - (4 - -2))) + 61?
50
Evaluate (-15 - -8) + 10 - 1 - 5 - (55 + -3).
-55
(-4 - -92 - (1 + 7)) + 0 + -7 - 6
67
Calculate 52 + -23 - (-9 - (-18 + 7 + -2)).
25
Evaluate 1 - -61 - (-119 + -17 - -154).
44
(0 - -5) + (-3 - (0 - (14 - 9))) + 9
16
120 - ((153 - 38) + -63)
68
62 + (14 - (31 - (4 - -3 - 0) - 2))
54
(4 - 12) + (-17 - (-2 - -2)) + -7
-32
13 + 15 + -24 - (0 - -6) - (3 - -54)
-59
What is -29 + -150 + 89 - -21?
-69
What is the value of 28 + (-3 + 27 + -50 - -26)?
28
Calculate -16 + 0 + -1 + 74 + -40 + -31 + -13.
-27
What is the value of -35 - (8 + (-18 - 21)) - (-1 - -11)?
-14
What is the value of 51 - (121 - 69 - -21)?
-22
What is the value of -4 + (7 - 8 - 4 - 7) + -11?
-27
What is the value of (1 - -49) + (97 - 89) + 10 - 9?
59
Evaluate 57 + (-104 - -105) - 54.
4
Evaluate -1 - (9 - -15 - 4) - -9 - -54.
42
What is -194 + 197 + -182 + 79?
-100
What is -78 + -1 + 1118 + -979?
60
12 - (-20 - (-102 + 16))
-54
What is -18 + -16 + 22 + -1 + 16 + 1?
4
Calculate 2 + 6 - (61 - (-12 + 51)).
-14
What is the value of 0 + (-27 - (39 + -110)) + (0 - 15)?
29
What is the value of (-7 + 3 + -6 - 0) + -902 + 848?
-64
Calculate (-67 - -145) + -94 - (-4 + 11).
-23
What is 2187 + -2242 - (1 + 16)?
-72
Calculate -8682 + 8753 + -82 + 0.
-11
Evaluate 860 + -821 - (-13 + 35).
17
What is the value of -9 + -5 + 13 - (4 - (0 + -9 + 3))?
-11
Evaluate 25 - (-24 + -100 - -210).
-61
What is -25 - (39 + -35 + 32 + -150)?
89
-13 + -20 + 1 - -11 - -35 - (1 - -119)
-106
What is -64 + (14 - (-5 + 0 + (75 - 51)))?
-69
What is 5 + (-6 - 10 - (-56 - (-10 + 4)))?
39
-21 + (-25 - 7) - -20
-33
93 + (40 - 226) - -60
-33
Calculate -90 - (-86 + 29) - 18.
-51
843 + -790 - (3 - -69)
-19
Calculate -241 + 259 - (47 + -4).
-25
-40 - (42 - (23 - -14))
-45
What is (-23 - -28) + -46 + -91?
-132
What is -140 + (-6 - (8 - (-15 - -52)))?
-117
Calculate (-6 - -4) + -15 + (1 - -13 - 8).
-11
What is -193 + 129 - (2 - (5 - -6))?
-55
1 - -31 - (1242 + -1175) - (0 + -14)
-21
What is the value of -99 - -73 - (11 + -1)?
-36
(462 + -357 - (0 + 23)) + -21
61
Calculate -11 + 27 + 3 + -29.
-10
31 - 49 - (-19 + (13 - -4))
-16
13 - 66 - (26 + -132)
53
What is the value of -2 + 0 - 10 - (17 - (-30 + 88))?
29
What is the value of 2 - 13 - 17 - -40 - (79 - (-3 - -1))?
-69
Calculate 21 + (-90 - -45) - (2 + -115).
89
Evaluate (29 + (-6 - 19) - -59) + -9.
54
Evaluate 34 - 100 - -145 - 56.
23
What is 712 + -776 - (0 + -53)?
-11
What is 3 + -4 + -17 - (36 - 51)?
-3
(29 - -5) + -16 - ((3 - -4) + 0 - 11)
22
What is the value of -15 - (-107 + 12 - -104)?
-24
-28 + -1 - (-149 - -61 - -74)
-15
139 + -1 + (2444 - 2615)
-33
63 + -70 + 4 + (0 - -54) + 2 - -5
58
Evaluate (3 - (5 + (2 - 20) - (3 - 26))) + 58.
51
Calculate 2 - (4 + -5) - (-39 + (-18 - -20)).
40
What is -20 - ((25 - (40 - 26)) + -7) - 48?
-72
47 - (-58 + 10) - 17
78
What is the value of -54 - ((49 - 67) + 39)?
-75
What is (-9 - 10 - -17) + -5 + (5 - 4 - 0)?
-6
Evaluate -25 + 26 + (-16 - 14) + -33.
-62
What is -22 + 5 + (26 + (24 - 32) - -43)?
44
What is 0 + 7 + -46 + 43 + -19 + 3 + -5?
-17
Evaluate (2 - 0) + 0 - (51 + (5 + -16 - -6)).
-44
-16 + (1 - 5 - -8 - (0 + 52))
-64
53 + -21 + 36 + 6 + (-22 - (10 - 22))
64
What is 156 + (-161 - 8) - (-2 + -1 + 51)?
-61
What is the value of 12 - (4 - -10) - 7 - (-1 - 0) - 67?
-75
-108 - -113 - (-33 - -15 - -100)
-77
What is 4 + (-24 - (5 + -10)) + 5 + (23 - 30)?
-17
What is (-4 - -3 - -16) + (0 - (-44 - -9))?
50
What is the value of -226 + 330 - (-11 - -66)?
49
What is (8 - (28 + -7)) + 44 + -48 + (-1 - -13)?
-5
Calculate 34 - (15 - (-7 - 10 - -8)).
10
Calculate -45 - (23 - (47 - 7)).
-28
Evaluate (-19 - 21 - -34) + 2 + 5 - (4 - -3).
-6
-40 - (-10 + 6 + 6 + -13 + 0)
-29
What is the value of 4 - 26 - (-13 + 0) - 17?
-26
What is -35 + -6 + -3 + 16 - (-1 + (10 - 10))?
-27
What is the value of 100 + -61 + -83 + 107?
63
What is (30903 - 30916) + 1 + 111 + 1?
100
Evaluate -1 + (-7 - 0) + (-353 - -308 - -8).
-45
What is (114 - 24) + -51 + -76?
-37
What is the value of 51 - -1 - (3471 - 3422)?
3
Evaluate 1 + 37 + (-858 - -856).
36
0 + 66 - (0 + -14 + (125 - (94 + 15)))
64
Evaluate 862 + -860 - (-75 + (-3 - 2 - -3)).
79
What is 51 + 39 + -98 + 106?
98
3022 + -2907 + 3 + -152
-34
(1 + 69 - 18) + -9
43
Calculate -3 + (-1 - 44 - (-94 + 92)).
-46
Evaluate (0 - 0 - 0) + -10 + 4036 + -4049.
-23
(44 - (35 + 25)) + (61 - -3)
48
Calculate -652 + 738 - (-1 + 51).
36
What is the value of (-16 + -27 - -31) + (-1 - 13)?
-26
What is 20 + (-4 - -4) + (-142 - -140)?
18
Evaluate -277 - -289 - (-1 - -10) - 50 - 10.
-57
(550 - 600) + 3 + 40
-7
What is 0 + -7 + -63 + 50 + 18 + -3?
-5
What is the value of (-2 - (2 - 2)) + -2 - (35 - (11 - -46))?
18
Evaluate (-14476 - -14564) + (0 - 5).
83
Calculate 11 + 13 - (-10 + 2 + -1).
33
-8 + -7 - (-6 - (-14 + 4 + -25))
-44
Evaluate (-5 - -2) + (5 - (15 - 5)) - (-60 + 103).
-51
What is the value of -141 + (-146 - -336) - -61?
110
What is -294 + 291 - ((-2 - (-2 - -1)) + 2)?
-4
478 + -495 + 5 + 46
34
Calculate 318 - 353 - (-2 + 32).
-65
Evaluate -45 - -1 - ((41 - 70) + (6 - 0) - -18).
-39
23 + (-12 - -14) + -51
-26
What is the value of (-19 - -11 - 76) + 1 - (7 + (-9 - -7))?
-88
Calculate -37 + (11 + 0 - (171 - 160)) - (6 + 1).
-44
What is (0 - 7) + 1 - ((-113 - -50) + 54) - 35?
-32
What is the value of (-42 - 18 - -18) + -5 + 135?
88
What is 30 + 71 + 9 + 2 + -40?
72
(25 - 3) + -9 + 27 + -16
24
What is the value of (-4 + -2 - (-7 + 17)) + -154 + 147?
-23
Evaluate (6 - 102) + -1 + 21.
-76
30 + 2 + -4 + 1 + -13
16
What is the value of -75 - -14 - (3 + -11 + -11 + 13)?
-55
What is 43 + -509 + 528 + (-6 - 1)?
55
What is the value of (1 + 58 - 36) + 54 + -2?
75
Evaluate -121 + 192 + -105 - 29.
-63
What is -20 - ((6 - -1) + 95 + -50 + -50)?
-22
What is the value of -18 - -1 - -13 - ((-55 - -1) + 3 + 1)?
46
What is the value of 23 - (-19 + (8 - -44) - -68)?
-78
What is the value of (4 - (88 - 34)) + ((-5 - -5) + -2 - -3)?
-49
(-7 - (-5 - -3)) + (-230 - -215)
-20
Calculate (-14 - (7 - 28)) + (5 - -11) + -60.
-37
What is -104 - (-30 + (-1 - (20 - 26) - -10))?
-89
What is the value of -5 + (6 + -46 - -167) + (1 - 13)?
110
Calculate -729 + 713 + (-3 - 17 - 1) - (-1 - 3).
-33
18 - 5 - ((-5 - -5) + 116 - 2)
-101
What is the value of (-14 - (-20 + (-11 - ((3 - 32) + 10)))) + 81?
79
Calculate -5 + 9 + 44 - (510 + -513).
51
Calculate 4 + 11 + (-13 - -6) + (-12 - -6).
2
Calculate -20 - (208 - 212) - (-20 - 1).
5
Calculate (76 - 38) + -58 + (-3 - 20).
-43
Evaluate -1 - (73 - (33 + (8 - 23))).
-56
-1 + -2 + (-12 - 1) + 8 + 29
21
Evaluate -40 - (15 + -10 - 34).
-11
Calculate 56 - ((33 - 27) + 38).
12
Calculate 4 + (-1 + 8 - (-28 - (16 + -4 - 28))).
23
What is the value of 6 - 4 - 